{"id":70,"date":"2019-07-16T11:50:13","date_gmt":"2019-07-16T11:50:13","guid":{"rendered":"http:\/\/rgla.at\/?page_id=70"},"modified":"2019-07-17T06:51:12","modified_gmt":"2019-07-17T06:51:12","slug":"lichteinbringung-consecration","status":"publish","type":"page","link":"http:\/\/rgla.at\/?page_id=70","title":{"rendered":"Lichteinbringung \/ Consecration"},"content":{"rendered":"\n<figure class=\"wp-block-image\"><img loading=\"lazy\" width=\"576\" height=\"1024\" src=\"http:\/\/rgla.at\/wp-content\/uploads\/2019\/07\/7c9d3e36-0d91-43f2-8785-8c86251e54d9-1-576x1024.jpg\" alt=\"\" class=\"wp-image-173\" srcset=\"http:\/\/rgla.at\/wp-content\/uploads\/2019\/07\/7c9d3e36-0d91-43f2-8785-8c86251e54d9-1-576x1024.jpg 576w, http:\/\/rgla.at\/wp-content\/uploads\/2019\/07\/7c9d3e36-0d91-43f2-8785-8c86251e54d9-1-169x300.jpg 169w, http:\/\/rgla.at\/wp-content\/uploads\/2019\/07\/7c9d3e36-0d91-43f2-8785-8c86251e54d9-1-768x1365.jpg 768w, http:\/\/rgla.at\/wp-content\/uploads\/2019\/07\/7c9d3e36-0d91-43f2-8785-8c86251e54d9-1.jpg 900w\" sizes=\"(max-width: 576px) 100vw, 576px\" \/><figcaption>Der Ehrw\u00fcrdigste Gro\u00dfmeister der RGLA und die Ehrw\u00fcrdigsten Gro\u00dfmeister der Lichtbringenden Gro\u00dflogen \/ The MW Grand Master of the RGLA and the MW Grand Masters of the consecrating Grand Lodges<\/figcaption><\/figure>\n\n\n\n<figure class=\"wp-block-image\"><img loading=\"lazy\" width=\"576\" height=\"1024\" src=\"http:\/\/rgla.at\/wp-content\/uploads\/2019\/07\/f98c5265-598c-4a24-b31d-d9501736cc5c-1-576x1024.jpg\" alt=\"\" class=\"wp-image-175\" srcset=\"http:\/\/rgla.at\/wp-content\/uploads\/2019\/07\/f98c5265-598c-4a24-b31d-d9501736cc5c-1-576x1024.jpg 576w, http:\/\/rgla.at\/wp-content\/uploads\/2019\/07\/f98c5265-598c-4a24-b31d-d9501736cc5c-1-169x300.jpg 169w, http:\/\/rgla.at\/wp-content\/uploads\/2019\/07\/f98c5265-598c-4a24-b31d-d9501736cc5c-1-768x1365.jpg 768w, http:\/\/rgla.at\/wp-content\/uploads\/2019\/07\/f98c5265-598c-4a24-b31d-d9501736cc5c-1.jpg 900w\" sizes=\"(max-width: 576px) 100vw, 576px\" \/><figcaption>Unsere Ehrw\u00fcrdigsten Ehrengro\u00dfmeister \/ Our MW Honorary Grand Masters<\/figcaption><\/figure>\n","protected":false},"excerpt":{"rendered":"","protected":false},"author":1,"featured_media":0,"parent":0,"menu_order":0,"comment_status":"closed","ping_status":"closed","template":"","meta":[],"_links":{"self":[{"href":"http:\/\/rgla.at\/index.php?rest_route=\/wp\/v2\/pages\/70"}],"collection":[{"href":"http:\/\/rgla.at\/index.php?rest_route=\/wp\/v2\/pages"}],"about":[{"href":"http:\/\/rgla.at\/index.php?rest_route=\/wp\/v2\/types\/page"}],"author":[{"embeddable":true,"href":"http:\/\/rgla.at\/index.php?rest_route=\/wp\/v2\/users\/1"}],"replies":[{"embeddable":true,"href":"http:\/\/rgla.at\/index.php?rest_route=%2Fwp%2Fv2%2Fcomments&post=70"}],"version-history":[{"count":3,"href":"http:\/\/rgla.at\/index.php?rest_route=\/wp\/v2\/pages\/70\/revisions"}],"predecessor-version":[{"id":176,"href":"http:\/\/rgla.at\/index.php?rest_route=\/wp\/v2\/pages\/70\/revisions\/176"}],"wp:attachment":[{"href":"http:\/\/rgla.at\/index.php?rest_route=%2Fwp%2Fv2%2Fmedia&parent=70"}],"curies":[{"name":"wp","href":"https:\/\/api.w.org\/{rel}","templated":true}]}}