{"id":130,"date":"2019-07-17T02:27:34","date_gmt":"2019-07-17T02:27:34","guid":{"rendered":"http:\/\/rgla.at\/?page_id=130"},"modified":"2019-07-17T02:52:55","modified_gmt":"2019-07-17T02:52:55","slug":"grossloge-grand-lodge","status":"publish","type":"page","link":"http:\/\/rgla.at\/?page_id=130","title":{"rendered":"Gro\u00dfloge \/ Grand Lodge"},"content":{"rendered":"\n<p>Die Regul\u00e4re Gro\u00dfloge von \u00d6sterreich wurde nach den Prinzipien der Regularit\u00e4t, welche von der UGLE 1929 festgelegt wurden, gegr\u00fcndet. Diese werden von uns unter allen Umst\u00e4nden eingehalten und bewahrt. \/&nbsp;<em>The Regular Grand Lodge of Austria was founded according to the principles of regularity established by UGLE 1929. These are maintained and preserved by us under all circumstances.<\/em><\/p>\n\n\n\n<p>Ebenso sind die 25 Landmarken nach Albert Mackey und die Alten Pflichten das Fundament auf dem unsere Gro\u00dfloge aufgebaut ist. \/<em>Likewise, the 25 landmarks after Albert Mackey and the Old Charges are the foundation on which our Grand Lodge is built.<\/em><\/p>\n\n\n\n<p>Unsere Verfassung regelt die Gro\u00dfloge als Union mit ihren autonomen Logen. \/&nbsp;<em>Our constitution regulates the Grand Lodge as a union with its autonomous Lodges.<\/em><\/p>\n\n\n\n<p>Die Regul\u00e4re Gro\u00dfloge von \u00d6sterreich (Regular Grand Lodge of Austria) ist eine F\u00f6deration von Logen und ist eine unabh\u00e4ngige und oberste Macht der Freimaurer, die den Alten und Angenommenen Schottischen Ritus praktiziert. Sie \u00fcbt ihre Macht und Zust\u00e4ndigkeit auf den drei Stufen der symbolischen Freimaurerei \u2013 Lehrling, Geselle und Meister \u2013 aus. Ihr Lebensmotto ist: Freiheit \u2013 Gleichheit \u2013 Br\u00fcderlichkeit. \/&nbsp;<em>The Regular Grand Lodge of Austria is a federation of Lodges and is an independent and supreme power of the Freemasons practicing the Ancient and the Accepted Scottish Rite. It exercises its power and responsibility in the three stages of symbolic Freemasonry \u2013 Apprentice, Fellow Craft and Master Mason. Her motto is: Liberty \u2013 Equality \u2013 Fraternity<\/em>.<\/p>\n\n\n\n<p>Jede Loge besitzt ihre Autonomie, die die Rechte der freimaurischen Tradition achtet. Sie ordnet sich der Verfassung, der Allgemeinen Gesch\u00e4ftsordnung und den Regeln und Anordnungen der RGLA unter. \/&nbsp;<em>Each lodge has its autonomy, respecting the rights of the Masonic tradition. It is subordinate to the Constitution, the General Rules of Procedure and the Rules and Regulations of the RGLA.<\/em><\/p>\n\n\n\n<p>Die Regul\u00e4re Gro\u00dfloge von \u00d6sterreich akzeptiert die 25 Landmarken und die Alten Pflichten als Grundlage f\u00fcr die Verfassung in der jeweilig geltenden Fassung. Diese ist von allen Br\u00fcdern strikt einzuhalten. \/&nbsp;<em>The Regular Grand Lodge of Austria accepts the 25 Landmarks and the Old Charges as the basis for the Constitution as amended. This must be strictly adhered to by all brothers<\/em>.<\/p>\n\n\n\n<p><\/p>\n","protected":false},"excerpt":{"rendered":"<p>Die Regul\u00e4re Gro\u00dfloge von \u00d6sterreich wurde nach den Prinzipien der Regularit\u00e4t, welche von der UGLE 1929 festgelegt wurden, gegr\u00fcndet. Diese werden von uns unter allen Umst\u00e4nden eingehalten und bewahrt. \/&nbsp;The Regular Grand Lodge of Austria was founded according to the principles of regularity established by UGLE 1929. These are maintained and preserved by us under &hellip; <\/p>\n<p class=\"link-more\"><a href=\"http:\/\/rgla.at\/?page_id=130\" class=\"more-link\"><span class=\"screen-reader-text\">\u201eGro\u00dfloge \/ Grand Lodge\u201c<\/span> weiterlesen<\/a><\/p>\n","protected":false},"author":1,"featured_media":0,"parent":0,"menu_order":0,"comment_status":"closed","ping_status":"closed","template":"","meta":[],"_links":{"self":[{"href":"http:\/\/rgla.at\/index.php?rest_route=\/wp\/v2\/pages\/130"}],"collection":[{"href":"http:\/\/rgla.at\/index.php?rest_route=\/wp\/v2\/pages"}],"about":[{"href":"http:\/\/rgla.at\/index.php?rest_route=\/wp\/v2\/types\/page"}],"author":[{"embeddable":true,"href":"http:\/\/rgla.at\/index.php?rest_route=\/wp\/v2\/users\/1"}],"replies":[{"embeddable":true,"href":"http:\/\/rgla.at\/index.php?rest_route=%2Fwp%2Fv2%2Fcomments&post=130"}],"version-history":[{"count":3,"href":"http:\/\/rgla.at\/index.php?rest_route=\/wp\/v2\/pages\/130\/revisions"}],"predecessor-version":[{"id":144,"href":"http:\/\/rgla.at\/index.php?rest_route=\/wp\/v2\/pages\/130\/revisions\/144"}],"wp:attachment":[{"href":"http:\/\/rgla.at\/index.php?rest_route=%2Fwp%2Fv2%2Fmedia&parent=130"}],"curies":[{"name":"wp","href":"https:\/\/api.w.org\/{rel}","templated":true}]}}